171 is divided by 130.
41
What is the remainder when 840 is divided by 208?
8
Calculate the remainder when 9248 is divided by 616.
8
Calculate the remainder when 221 is divided by 70.
11
Calculate the remainder when 1204 is divided by 235.
29
Calculate the remainder when 4254 is divided by 14.
12
What is the remainder when 23 is divided by 13?
10
Calculate the remainder when 226 is divided by 67.
25
Calculate the remainder when 204 is divided by 72.
60
Calculate the remainder when 23 is divided by 23.
0
Calculate the remainder when 1269 is divided by 250.
19
Calculate the remainder when 753 is divided by 54.
51
What is the remainder when 106 is divided by 85?
21
What is the remainder when 1666 is divided by 25?
16
What is the remainder when 183 is divided by 8?
7
What is the remainder when 39 is divided by 18?
3
What is the remainder when 1733 is divided by 31?
28
Calculate the remainder when 318 is divided by 96.
30
What is the remainder when 323 is divided by 42?
29
What is the remainder when 914 is divided by 47?
21
Calculate the remainder when 195 is divided by 49.
48
What is the remainder when 26 is divided by 6?
2
Calculate the remainder when 304 is divided by 81.
61
What is the remainder when 64 is divided by 18?
10
Calculate the remainder when 4 is divided by 1.
0
Calculate the remainder when 4678 is divided by 24.
22
What is the remainder when 1705 is divided by 28?
25
What is the remainder when 949 is divided by 14?
11
What is the remainder when 79 is divided by 28?
23
What is the remainder when 61 is divided by 7?
5
What is the remainder when 503 is divided by 39?
35
Calculate the remainder when 683 is divided by 66.
23
Calculate the remainder when 287 is divided by 104.
79
Calculate the remainder when 10508 is divided by 113.
112
Calculate the remainder when 148 is divided by 70.
8
What is the remainder when 207 is divided by 43?
35
Calculate the remainder when 417 is divided by 120.
57
What is the remainder when 856 is divided by 143?
141
What is the remainder when 489 is divided by 239?
11
Calculate the remainder when 11539 is divided by 24.
19
Calculate the remainder when 4164 is divided by 116.
104
Calculate the remainder when 1811 is divided by 165.
161
What is the remainder when 887 is divided by 78?
29
What is the remainder when 112 is divided by 17?
10
Calculate the remainder when 414 is divided by 196.
22
What is the remainder when 559 is divided by 42?
13
What is the remainder when 3840 is divided by 17?
15
What is the remainder when 562 is divided by 56?
2
What is the remainder when 22 is divided by 3?
1
Calculate the remainder when 573 is divided by 96.
93
What is the remainder when 63 is divided by 18?
9
Calculate the remainder when 798 is divided by 20.
18
Calculate the remainder when 399 is divided by 187.
25
What is the remainder when 773 is divided by 23?
14
What is the remainder when 303 is divided by 17?
14
What is the remainder when 864 is divided by 77?
17
What is the remainder when 264 is divided by 67?
63
Calculate the remainder when 913 is divided by 230.
223
Calculate the remainder when 147 is divided by 51.
45
What is the remainder when 603 is divided by 185?
48
What is the remainder when 48998 is divided by 28?
26
Calculate the remainder when 26 is divided by 25.
1
Calculate the remainder when 180 is divided by 57.
9
What is the remainder when 6508 is divided by 383?
380
Calculate the remainder when 778 is divided by 28.
22
What is the remainder when 1321 is divided by 4?
1
Calculate the remainder when 944 is divided by 11.
9
What is the remainder when 11855 is divided by 12?
11
Calculate the remainder when 7436 is divided by 298.
284
What is the remainder when 1259 is divided by 20?
19
What is the remainder when 1702 is divided by 19?
11
Calculate the remainder when 77 is divided by 30.
17
Calculate the remainder when 307 is divided by 148.
11
What is the remainder when 148 is divided by 40?
28
Calculate the remainder when 640 is divided by 26.
16
What is the remainder when 82 is divided by 24?
10
Calculate the remainder when 259 is divided by 65.
64
Calculate the remainder when 308 is divided by 122.
64
Calculate the remainder when 2097 is divided by 685.
42
Calculate the remainder when 2901 is divided by 24.
21
What is the remainder when 149 is divided by 71?
7
Calculate the remainder when 502 is divided by 12.
10
Calculate the remainder when 101 is divided by 26.
23
Calculate the remainder when 2851 is divided by 942.
25
What is the remainder when 443 is divided by 151?
141
What is the remainder when 5820 is divided by 104?
100
What is the remainder when 20831 is divided by 124?
123
Calculate the remainder when 542 is divided by 68.
66
Calculate the remainder when 107 is divided by 55.
52
Calculate the remainder when 107 is divided by 53.
1
Calculate the remainder when 657 is divided by 64.
17
Calculate the remainder when 12977 is divided by 110.
107
Calculate the remainder when 1661 is divided by 111.
107
What is the remainder when 285 is divided by 24?
21
What is the remainder when 13337 is divided by 58?
55
Calculate the remainder when 562 is divided by 205.
152
What is the remainder when 103 is divided by 35?
33
Calculate the remainder when 926 is divided by 228.
14
What is the remainder when 752 is divided by 18?
14
What is the remainder when 13563 is divided by 34?
31
What is the remainder when 142 is divided by 79?
63
Calculate the remainder when 1444 is divided by 17.
16
What is the remainder when 801 is divided by 792?
9
What is the remainder when 282 is divided by 54?
12
Calculate the remainder when 2479 is divided by 817.
28
Calculate the remainder when 3749 is divided by 56.
53
What is the remainder when 237 is divided by 20?
17
What is the remainder when 3039 is divided by 17?
13
Calculate the remainder when 6061 is divided by 3023.
15
What is the remainder when 317 is divided by 75?
17
Calculate the remainder when 561 is divided by 553.
8
What is the remainder when 478 is divided by 102?
70
What is the remainder when 50 is divided by 35?
15
Calculate the remainder when 601 is divided by 113.
36
Calculate the remainder when 596 is divided by 171.
83
Calculate the remainder when 62 is divided by 8.
6
What is the remainder when 1187 is divided by 194?
23
Calculate the remainder when 8252 is divided by 2749.
5
What is the remainder when 295 is divided by 88?
31
What is the remainder when 11508 is divided by 120?
108
Calculate the remainder when 9039 is divided by 66.
63
Calculate the remainder when 305 is divided by 22.
19
What is the remainder when 950 is divided by 60?
50
Calculate the remainder when 32 is divided by 23.
9
Calculate the remainder when 208 is divided by 75.
58
Calculate the remainder when 454 is divided by 143.
25
Calculate the remainder when 1166 is divided by 39.
35
What is the remainder when 77 is divided by 21?
14
Calculate the remainder when 64 is divided by 6.
4
What is the remainder when 85 is divided by 35?
15
Calculate the remainder when 374 is divided by 47.
45
What is the remainder when 132 is divided by 42?
6
Calculate the remainder when 221 is divided by 145.
76
What is the remainder when 751 is divided by 7?
2
What is the remainder when 83 is divided by 14?
13
Calculate the remainder when 242 is divided by 8.
2
What is the remainder when 566 is divided by 142?
140
What is the remainder when 38 is divided by 11?
5
What is the remainder when 1248 is divided by 155?
8
What is the remainder when 486 is divided by 154?
24
What is the remainder when 284 is divided by 91?
11
Calculate the remainder when 24 is divided by 13.
11
Calculate the remainder when 894 is divided by 48.
30
Calculate the remainder when 917 is divided by 10.
7
What is the remainder when 39 is divided by 14?
11
What is the remainder when 2052 is divided by 175?
127
What is the remainder when 2573 is divided by 1284?
5
Calculate the remainder when 209 is divided by 6.
5
Calculate the remainder when 297 is divided by 25.
22
Calculate the remainder when 539 is divided by 30.
29
Calculate the remainder when 2432 is divided by 73.
23
What is the remainder when 163 is divided by 84?
79
What is the remainder when 418 is divided by 126?
40
What is the remainder when 973 is divided by 82?
71
What is 